) = 9*m + 19. Let r(k) = -6*a(k) + 11*h(k). Suppose -3*x + 0 = -15. What is the units digit of r(x)?
1
Let p(o) = o + 13. Let t be p(-7). Let v be 2/(-8) - (-26)/8. Suppose 0 = -v*f - 3 + t. What is the units digit of f?
1
Let u be -1*((-9)/3)/(-3). Let n(h) = 6*h**2 - 2*h - 1. What is the units digit of n(u)?
7
Let n be ((-5)/10)/((-2)/(-20)). Suppose 3*b = -4*t + 65, -5*t + b + 47 = -20. Let a = n + t. What is the units digit of a?
9
Let n = -215 + 318. What is the hundreds digit of n?
1
Let d = 25 - 16. Let i be (6/(-4))/(1/(-2)). What is the units digit of (-64)/(-3) - i/d?
1
Let c(g) = 2*g**2 + 10*g + 10. What is the units digit of c(-7)?
8
Suppose -5*s - 20 + 155 = 0. What is the tens digit of s?
2
Let v(y) = 2*y**2 - 4*y**2 - 2*y + 3*y**2. Let o be v(2). Let g = o - -2. What is the units digit of g?
2
Let n = 72 - -2. What is the tens digit of n?
7
Suppose -5*z + 4*o = -285, 0 = 4*z - 6*o + 2*o - 228. What is the units digit of z?
7
Let r(m) = 16*m - 5. Let w be r(3). Suppose 4*x = 69 + w. What is the tens digit of x?
2
Suppose -11*k = -10*k - 9. What is the units digit of k?
9
Let t(a) = 2*a + 3. Let w be t(4). Let h = -7 + w. What is the units digit of h?
4
What is the tens digit of -3*4/(-6) + (-2702)/(-14)?
9
Let h be 1 - (-41 + 0/3). Let l = h - 60. What is the units digit of l*(0 + -2)/4?
9
Let m = -14 + 17. Suppose 3*j = m*h - 54, 0 = -j - 3*j. What is the tens digit of h?
1
Let u = -7 - -11. Suppose f - u*f = -12. Suppose -6*z + z + 3*k + 14 = 0, f*k = -z - 11. What is the units digit of z?
1
Suppose 10*b + 90 = 980. What is the tens digit of b?
8
What is the tens digit of 8/(3 - 19/7)?
2
Suppose -5*t - p + 53 = 0, -4*p + 12 = t - 10. What is the units digit of t?
0
Let y(c) = -c + 6. Let v be y(-9). What is the tens digit of v - (-3 + (-4)/(-1))?
1
Let g(q) = 4*q**3 + 0*q**2 + 3*q - q**3 - 4 - 2*q**3 + 7*q**2. What is the tens digit of g(-5)?
3
Let v be (-10)/(-4)*(-16)/(-10). Suppose v*p - 6 = 6. Suppose y = -p*r + 20, y - 6*y = 4*r - 45. What is the units digit of y?
5
Let k(d) = -d**2 - 9*d - 4. Let h be k(-8). Let t = 5 - h. What is the units digit of t?
1
Let d(w) = 4*w**2 + 4*w + 1. What is the tens digit of d(3)?
4
Suppose -3*x = -x - 4. Suppose 0 = -x*c + 2*a + 44, -3*c - 2*a = -11 - 35. What is the units digit of c?
8
Suppose 16 + 8 = -4*s. Let z(c) = -2*c**2 - 19*c - 8. Let f(y) = -3*y**2 - 29*y - 12. Let h(w) = -5*f(w) + 8*z(w). What is the units digit of h(s)?
2
Suppose 5*z = 10, -5*w + z = -3*w - 218. Suppose -q + w = 4*q. What is the units digit of q?
2
Suppose 0*m + 5*m - 21 = 4*k, 0 = 5*m + k - 26. Let o(q) = q + 1. What is the units digit of o(m)?
6
Let z(k) = 4*k**2 - k - 1. Let r = 1 + -2. Let b be z(r). Let d = b + 0. What is the units digit of d?
4
Suppose 2*l = -2*r - 32, 4*l + 2*r = -3 - 61. Let x(n) = 2*n + 3. Let q be x(-6). Let j = q - l. What is the units digit of j?
7
Suppose 5*l - 345 = -5*f + 485, -2*f - 160 = -l. Let b be 2/10 + l/(-20). What is the units digit of ((-10)/(-4))/((-4)/b)?
5
Let t(j) = -j + 8. Let x be t(6). Let w be (-175)/15 + x/3. Let o = w + 18. What is the units digit of o?
7
Let q be (1 + -14)/(-2 - -3). Let y = 22 + q. What is the units digit of y?
9
Let w(t) = -t**3 - 6*t**2 - 5*t + 4. Let m be w(-4). Let i(q) = 7*q - 4. Let v be i(4). Let f = v + m. What is the units digit of f?
6
Let s(j) = 3*j + 8. Let x be s(9). Let n = 52 - x. What is the units digit of n?
7
Let z(m) be the second derivative of m**6/180 - m**4/6 + m**3/2 - 3*m. Let y(l) be the second derivative of z(l). What is the units digit of y(-3)?
4
Let p = -50 - -70. Suppose t = -t + p. What is the units digit of t?
0
Let g be ((-10)/(-8))/((-2)/8). Let n = 10 + g. What is the units digit of n?
5
Let k = -12 + 75. What is the units digit of k?
3
Let a(t) be the third derivative of t**6/120 + 3*t**5/20 + 7*t**4/24 + 2*t**3/3 + t**2. What is the tens digit of a(-8)?
1
Suppose -6*p + 756 = p. What is the tens digit of p?
0
Let t = 20 - -78. What is the tens digit of t?
9
Let m(q) = -q**3 + 4*q + 3. Let j(x) = -x**3 + 9*x**2 - 8*x. Let h be j(8). Suppose -5*z - y - 11 = -1, h = y - 5. What is the units digit of m(z)?
8
Let d = 141 + -52. What is the tens digit of d?
8
Let q(t) = -t**2 + 9*t + 5. Let b = 3 - -6. Let m be q(b). Suppose 46 = 3*f + 2*v, -f = 4*f - m*v - 35. What is the units digit of f?
2
Let s = 6 - 2. Let a(i) = i**2 - 3*i + 1. What is the units digit of a(s)?
5
What is the units digit of 6*(-6)/(-12) - (0 + -121)?
4
Let k be 21/(-7) + 3*1. Suppose k = b + b - 10. What is the units digit of 3 + -4 + -2 + b?
2
Let x(s) = s**3 + 5*s**2 - 6*s + 5. Let i be x(-6). Let n(l) = l**3 - 4*l**2 - 6. What is the tens digit of n(i)?
1
Let b = 2 - 2. Suppose 4*q - 43 = -3*w + 15, 3*w = 6. Let z = q + b. What is the units digit of z?
3
Let s(m) = -m**2 - 9*m + 11. What is the tens digit of s(-6)?
2
Suppose 4*k - 8 = 3*k + i, 2*k - i = 12. Suppose -k*b + 45 = b. What is the units digit of b?
9
Suppose -6*l + 3*l = 5*r - 41, -13 = l - 5*r. Suppose -2*z + 3*d + 26 = d, 4*z - l = -5*d. What is the units digit of z?
8
Suppose -k + 2*r = -5, 4*r + 11 = k - r. What is the units digit of k?
1
Let u = -54 - -35. What is the units digit of (10 - 8)*u/(-2)?
9
Let j = 5 + -1. Suppose -j*t + 12 = -20. What is the units digit of t?
8
Let d = -7 - -9. Suppose -38 = -x - y, -5*x + 178 = d*y - 0*y. What is the units digit of x?
4
Let o(g) = g + 3. Let m be o(-12). What is the units digit of (-22)/(-3) - 6/m?
8
Suppose -3*k - 17 = 1. What is the tens digit of 6 + k + 27*1?
2
What is the units digit of 4626/21 + (-11)/(231/6)?
0
Let p(o) be the second derivative of 0 + 5/12*o**4 + 7/6*o**3 - 1/20*o**5 - 2*o - 1/2*o**2. What is the units digit of p(6)?
5
Let j(t) = t - 1. What is the units digit of j(3)?
2
Let g be 1/2 + 18/4. Suppose -g*q = -6*q. Suppose q*s + 1 = s. What is the units digit of s?
1
Suppose 6 = r + 2*r. What is the units digit of (1 - (2 - r)) + 6?
7
Suppose -7*c = -c - 228. What is the tens digit of c?
3
Let c be (-1 - 9)/(2/(-3)). Suppose 5*n = 5*s - 195, 2*s = 2*n - 7*n + 64. What is the units digit of s/5 + (-6)/c?
7
Let s be (6/9)/(2/9). Suppose 0 = 3*t - s - 12. What is the units digit of t + -3*3/(-9)?
6
Suppose 5*m = -r - 0*r + 20, 0 = -2*m - r + 11. Suppose m = 5*c + 5*i - 2, 0 = 4*c + 3*i - 9. What is the units digit of c?
6
Let g = 6 - 4. Suppose -g*q = -3*q - 12. Let u = -6 - q. What is the units digit of u?
6
Let j(x) = 21*x**2 - 4*x - 4. What is the tens digit of j(3)?
7
Let g be 22/6 - (-1)/3. What is the tens digit of (1 + -9)*(-6)/g?
1
Suppose 8 + 2 = 5*d. Suppose d*a + 25 = 7*a. What is the units digit of a?
5
Suppose -2*b + 20 = 4. Suppose -y = -b - 0. What is the units digit of y?
8
Let b(r) = -r - 2. Let p be b(-6). Suppose -13 = n - p*d + 7*d, 2*d = -8. Let v = n + 2. What is the units digit of v?
1
Suppose 5*l = 4*r - 18, -r + 6*r + 2*l = 39. Suppose 2*j + 5 = r*j. Suppose -5*g = -j - 29. What is the units digit of g?
6
Let z be 1*3 + 21 + 0. Suppose 0 = -5*y + z + 1. Suppose y*r = -4*s + 72, -2*r - s = 3*s - 36. What is the tens digit of r?
1
Suppose -3*a = -4*x + 90, 0 = 3*a - 6. Suppose -t = 2*m - 3 - 9, 3*m + 3*t = x. What is the units digit of m?
4
What is the tens digit of 416/5 + 1/(-5) - -2?
8
Let k be (-16)/6*(-6)/8. What is the units digit of (k*4/8)/1?
1
Let u(h) = -h**2 + 9*h. Let g be u(7). Let c = g - -6. What is the units digit of c?
0
Suppose 3648 = 2*s + 14*s. What is the tens digit of s?
2
What is the units digit of (-2)/5 - (-856)/40?
1
Let f be (56/(-16))/(2/(-16)). What is the tens digit of (f - -1)*1/1?
2
Let h(g) = 9*g**2 - 2*g + 1. Let u be ((-4)/5)/(14/(-105)). Let m = 7 - u. What is the units digit of h(m)?
8
Suppose 4*j + 106 = 6*j. What is the tens digit of j?
5
Suppose -4*m - n + 74 = 0, -2 = -3*n + 4*n. What is the tens digit of m?
1
Suppose -5*g + 4*p + 0 = 2, 2*p + 4 = 5*g. Let h(s) = -2*s**2 + s**2 + g*s**2 - 4. What is the units digit of h(3)?
5
What is the tens digit of (-2 + -36)/(-2) + 16/(-8)?
1
Let p(o) = -o**3 + 3*o**2 + 2*o - 3. Let h be p(3). Suppose h*t + 0 = 12. Suppose t*u = 2*x + 26, u + 4*x = -u + 38. What is the units digit of u?
9
Suppose -4*o = -5*j - 5*o + 216, 2*o - 174 = -4*j. What is the tens digit of j?
4
Let u(t) = -2*t + 16. Let b(g) = 